mon divisor of p and g.
6
Let o be (-21)/7*(-32)/6. What is the highest common divisor of o and 16?
16
Let w be (-32)/(-3) - 2/3. Let b = 104 + -34. Calculate the greatest common factor of b and w.
10
Suppose 3*m + 20 = 7*m - 4*c, -5*c - 25 = 3*m. Let t = 107 - -33. Suppose m*i + 4*i - t = 0. What is the greatest common divisor of 7 and i?
7
Let o be (-1)/2 - (-17)/2. Let u be o/28 - 16/7. Let c = u + 6. What is the greatest common divisor of 4 and c?
4
Let z = 29 + -17. Calculate the highest common factor of z and 60.
12
Let k(f) = -10*f**2 - 8*f + 12*f**2 - 5*f + f + 12. Let m be k(8). Calculate the greatest common divisor of 4 and m.
4
Let u(o) = -2*o + 47. Let i be u(13). What is the greatest common divisor of i and 42?
21
Let y be (-3)/9*1*-111. Let n = y + -11. Calculate the greatest common factor of 13 and n.
13
Let l = 142 + -116. What is the greatest common divisor of l and 26?
26
Let b = 4 - 1. Suppose -b*i = -i - 24. Suppose 5*k - 2*k - 74 = -a, 2*a = -3*k + 76. What is the highest common factor of i and k?
12
Let f(p) = p**2 - 5*p - 3. Let d be f(-6). Suppose -a - 6 = -4*a. Suppose -v = -3*v + 5*h - 1, 0 = a*v - h - 11. Calculate the highest common factor of d and v.
7
Let m be (21/(-4))/(21/(-280)). Let u = -34 + m. What is the greatest common divisor of u and 12?
12
Let r be (90/20)/((-3)/(-8)). Suppose 2 = -2*q - w + 3, r = -4*w. What is the highest common factor of q and 18?
2
Let a be (-63)/(-81) + 4/18. Let u(w) = w**2 + w. Let g be u(a). What is the highest common factor of g and 1?
1
Let c = -10 - -18. What is the greatest common divisor of 20 and c?
4
Let d be 14/6 + (-36)/(-54). What is the highest common divisor of 1 and d?
1
Suppose 20 - 86 = -2*m. Calculate the greatest common divisor of m and 99.
33
Let x be (-28)/(-6) - 2/(-6). Suppose 3*h + x = 23. Suppose 2*p - 27 = 3*k, 2*k + k = 4*p - 45. Calculate the highest common divisor of p and h.
3
Suppose -t - 63 = -5*v, -2*v - 4*t + 8*t = -18. Suppose -230 = -5*x + 4*a + 225, -4*a = 0. What is the highest common divisor of x and v?
13
Let a be (-12)/42 - 51/(-7). Suppose 46 = h - 2*f, -a*f + 5*f + 98 = 3*h. What is the greatest common factor of h and 90?
18
Let n(l) = 6*l - 2. Let s be ((-9)/(-15))/((-2)/(-10)). Let t be n(s). What is the greatest common factor of 64 and t?
16
Let r = 4 - 4. Let j = r - 1. Let h be (3 - 29)*(j + 0). What is the highest common factor of 65 and h?
13
Let a(b) = 3*b**2 - 3*b. Let p be a(4). Suppose r - 5*o + 3 = 0, 2*r - 3*o - 17 = -2. Calculate the greatest common factor of p and r.
12
Let z = -1 + 0. Let r = z + 13. Let k be 289/6 + 5/(-30). Calculate the highest common factor of k and r.
12
Suppose 574 = 4*l + 2*v, 3*l - 2*l - 139 = 4*v. Calculate the greatest common factor of 11 and l.
11
Let h be (-2)/(-9) + 4/(-18). Let p(i) = i - 12. Let t be p(h). Let j be (-1)/(-1) + t/(-2). Calculate the highest common divisor of j and 35.
7
Let r(a) = -a**3 - 8*a**2 - 8*a + 10. Let b be r(-7). What is the greatest common factor of b and 34?
17
Let n be (-48)/22 + 6/33. Let b be 1/(n/(-4)) + 126. Calculate the highest common factor of 16 and b.
16
Let p = 0 + 1. Let q be p + -2 + 77 + 1. Let l = -53 + q. What is the highest common divisor of l and 36?
12
Let u be 1*-9*12/(-9). Suppose 2*s = 101 + 67. Calculate the highest common divisor of u and s.
12
Suppose -v + 46 = 5. Suppose 3*k = v + 25. Suppose 3*p + 2*i = 0, p + 3 = -2*p - 3*i. Calculate the greatest common factor of k and p.
2
Let w be 6*(94/4 + 1). What is the greatest common divisor of w and 21?
21
Suppose 4*n - 3*n - 3 = 0. Let j be (-1)/3 - (-94)/n. Let t = 61 - j. What is the greatest common factor of t and 6?
6
Let c = -13 + 24. Let f = 11 + 31. Suppose f = 2*g - 134. Calculate the greatest common factor of c and g.
11
Suppose 5*q = 2*q + 27. Let m(v) = 2*v**3 - 8*v**2 + v + 5. Let x be m(4). Calculate the greatest common factor of x and q.
9
Let z be (8/(-140)*-5)/((-2)/(-14)). Calculate the highest common divisor of 26 and z.
2
Suppose 3*g - 16 = b + 4*b, 0 = g - b - 6. What is the highest common factor of g and 56?
7
Let u be (-54)/(-4) - (-4)/8. Let f = u + 2. What is the greatest common divisor of f and 48?
16
Let d be (6/(-4))/((-6)/20). Suppose -m + v + v + 28 = 0, -m + 22 = -d*v. Calculate the highest common divisor of m and 48.
16
Let z = -99 + 107. Suppose 0*f - f + 2*l + 17 = 0, -4*l = 4*f - 32. Suppose 1 = 2*o - 3*w, o - 3*o + w = -f. What is the greatest common factor of o and z?
8
Suppose -r + 2 = 1, 8 = 4*p - 4*r. Suppose p*k - w = -0*w + 36, -3*k = 3*w - 36. What is the highest common divisor of k and 36?
12
Suppose 3*s - 5*c = 34, s + 7*c - 4*c + 12 = 0. Let l = -2 + s. Let m(b) = 3*b - 10. Let w be m(7). Calculate the highest common divisor of w and l.
1
Let v be (18/3)/((-94)/(-44) - 2). What is the highest common divisor of 11 and v?
11
Let g be 336/15 + (-4)/10. Let h be 55/(-10)*3*-2. What is the greatest common factor of g and h?
11
Let r be ((-250)/(-5))/((-8)/(-4)). What is the greatest common factor of 5 and r?
5
Let l be (-2)/(-6)*0*-1. Suppose 0*n + 3*n = l. Suppose 4*h + h - 135 = n. What is the highest common divisor of h and 3?
3
Let j be (30/(-35))/(1/(-7)). Let a(s) = s + 3. Let p be a(0). Suppose p*r + 165 = j*r. Calculate the greatest common factor of 5 and r.
5
Let g be (-1)/(-7) + (-3774)/(-42). What is the greatest common factor of 10 and g?
10
Suppose 3*p + 66 = 4*p - 5*y, 5*p + y = 226. Suppose -2*g = -5*o + o - p, 19 = 2*g + 5*o. What is the greatest common factor of 17 and g?
17
Let g(q) = q**3 + 3*q**2 - 3*q + 5. Let k be g(-4). Let o be -11 + 14 - (1 - -1). What is the highest common divisor of o and k?
1
Let s = -27 + 83. Suppose 0*q + 2*q = s. Suppose 3*z - 34 = -4*n, 0 = 2*z + 2*z + n - q. What is the greatest common divisor of z and 66?
6
Suppose -o = 3*o + 4. Let t = 14 + o. Calculate the greatest common factor of t and 91.
13
Suppose -3*b + 26 = -1. Let d(a) = -a + b + 5*a - a**2 - 1 + a. Let x be d(6). Calculate the greatest common factor of x and 4.
2
Let j(l) = -l**3 + 7*l**2 + 9*l. Let y be j(8). What is the greatest common divisor of 16 and y?
8
Let z(k) be the third derivative of 23*k**4/24 - k**3/6 - 8*k**2. Let x be z(1). What is the greatest common factor of 110 and x?
22
Suppose -4*q = 3*r - 1 + 4, 4*q + r + 1 = 0. Suppose q = -4*n - 4, -g + 85 = g - n. Calculate the greatest common factor of g and 14.
14
Let a(i) = -32*i - 4. Let o be a(-4). Let z be 6/4*(o - -2). What is the greatest common divisor of z and 21?
21
Let m = 34 + 6. Let o be 18/(-42) - 460/(-28). What is the greatest common divisor of o and m?
8
Let r(k) = 8*k**2 + 3*k - 2. Let i be r(2). Suppose -60 = 2*x - 7*x - 5*z, 3*x - 33 = -2*z. What is the greatest common factor of i and x?
9
Let p(n) = -n - 1. Suppose -6*b + b + a + 33 = 0, 2*a + 31 = 5*b. Let s = -15 + b. Let l be p(s). Calculate the greatest common divisor of 56 and l.
7
Suppose 0 = 5*p + 2*m - 3283, 1985 = -3*p + 6*p + 5*m. Let n be 2/8 + p/20. Suppose 3*v + n = 321. Calculate the greatest common factor of 12 and v.
12
Let q = 110 + -76. What is the greatest common divisor of q and 17?
17
Let l = -16 + 31. What is the greatest common divisor of l and 60?
15
Let d = 56 - 39. Let j = -16 + 101. Calculate the greatest common divisor of d and j.
17
Let f = 1 + -7. Let c be 30/4*(-4)/f. Suppose -c*x - 9 = 3*j - 5*j, -4*j + 7 = x. Calculate the highest common divisor of j and 1.
1
Let c(v) = -v**2 - 6*v - 2. Let n(s) = -s**2 - 5*s - 1. Let k(y) = 5*c(y) - 6*n(y). Let u be k(6). What is the highest common factor of 16 and u?
16
Let o = 67 + -35. Let t = -12 - -20. Let f be 0 + -1 + (t - -1). Calculate the highest common factor of o and f.
8
Let w be 1/1*(11 + -10)*11. Suppose -5*f - 63 = 732. Let s = -104 - f. What is the greatest common divisor of w and s?
11
Let f be 2*(-1)/(-4)*-12. Let h be 32 + f/(1 - -2). Let w be (-43)/(-3) - (-2)/3. What is the highest common factor of h and w?
15
Let l(c) = -13*c + 1. Let t(m) = -6*m + 1. Let y(r) = -4*l(r) + 9*t(r). Let s be y(-6). Calculate the greatest common factor of s and 187.
17
Suppose 4*y - 8 = 2*y, 3*r + 2*y = 14. Suppose r*z + 0*d + 3 = d, 2*d - 15 = -5*z. Let x be z + 3/(-3) + 76. Calculate the greatest common factor of 19 and x.
19
Let i be -3